alse
Is 192717 a multiple of 399?
True
Does 80 divide 740320?
True
Is 12 a factor of 1694712?
True
Is 8106428 a multiple of 22?
True
Is 5584800 a multiple of 28?
False
Is 27 a factor of 4087763?
False
Is 73 a factor of 12483?
True
Is 641 a factor of 910965?
False
Does 15 divide 488265?
True
Does 66 divide 6758400?
True
Is 484 a factor of 888624?
True
Is 1323045 a multiple of 45?
True
Is 27726440 a multiple of 14?
True
Does 5 divide 27423?
False
Is 3280929 a multiple of 292?
False
Is 445 a factor of 8133265?
True
Does 37 divide 217230?
False
Is 394491 a multiple of 77?
False
Does 356 divide 4718985?
False
Is 180955 a multiple of 99?
False
Is 453 a factor of 679151?
False
Is 5 a factor of 8722676?
False
Is 228531 a multiple of 37?
False
Is 16527804 a multiple of 159?
False
Is 921 a multiple of 81?
False
Does 22 divide 17028?
True
Is 11442 a multiple of 77?
False
Is 45 a factor of 63270?
True
Does 8 divide 211113?
False
Does 204 divide 374173?
False
Does 266 divide 192584?
True
Is 504 a factor of 14625576?
True
Does 336 divide 88704?
True
Is 71 a factor of 15549?
True
Is 175299 a multiple of 250?
False
Is 205 a factor of 1998955?
True
Is 167287 a multiple of 19?
False
Is 1487601 a multiple of 943?
False
Is 22305 a multiple of 3?
True
Is 17 a factor of 3265395?
False
Is 130305 a multiple of 15?
True
Is 49 a factor of 7524233?
False
Is 1105390 a multiple of 10?
True
Is 182 a factor of 63943?
False
Does 94 divide 181086?
False
Is 4812133 a multiple of 49?
False
Is 3720858 a multiple of 661?
False
Does 170 divide 1239130?
True
Does 175 divide 293359?
False
Is 199 a factor of 403174?
True
Is 27 a factor of 302448?
False
Is 2664320 a multiple of 9?
False
Is 482 a factor of 3964592?
False
Is 822 a factor of 562096?
False
Is 32 a factor of 260096?
True
Is 92 a factor of 3712016?
True
Is 303858 even?
True
Is 487800 a multiple of 450?
True
Does 18 divide 49158?
True
Is 2044870 a multiple of 25?
False
Is 240 a factor of 223489?
False
Does 27 divide 205780?
False
Is 373115 a multiple of 224?
False
Is 1370185 a multiple of 81?
False
Is 33 a factor of 48789?
False
Does 2 divide 12486?
True
Is 2 a factor of 2619?
False
Is 92460 a multiple of 115?
True
Is 36200 a multiple of 5?
True
Is 5 a factor of 5979298?
False
Is 3 a factor of 1502800?
False
Is 12 a factor of 696104?
False
Is 30273 a multiple of 2?
False
Is 44 a factor of 48400?
True
Is 70 a factor of 75062?
False
Does 14 divide 813297?
False
Is 316531 a multiple of 2?
False
Is 178980 a multiple of 285?
True
Does 56 divide 9676520?
True
Does 7 divide 1970945?
False
Is 256 a factor of 290304?
True
Does 20 divide 614159?
False
Does 11 divide 1585?
False
Is 53 a factor of 1591590?
True
Is 155 a factor of 115836?
False
Does 19 divide 2291220?
False
Is 19 a factor of 399494?
True
Does 18 divide 7992?
True
Does 129 divide 280332?
False
Does 15 divide 1219185?
True
Is 12 a factor of 335885?
False
Is 6 a factor of 15348?
True
Does 357 divide 283042?
False
Is 3829220 a multiple of 5?
True
Does 6 divide 1522878?
True
Is 133 a factor of 301910?
True
Is 501 a factor of 81759?
False
Does 18 divide 278727?
False
Does 41 divide 127510?
True
Is 19771823 a multiple of 290?
False
Is 461 a factor of 17131992?
False
Is 31430 even?
True
Is 65 a factor of 12621?
False
Is 3664453 a multiple of 1089?
False
Is 271 a factor of 297829?
True
Does 3 divide 472347?
True
Is 2491991 a multiple of 21?
False
Is 72 a factor of 583541?
False
Does 112 divide 196336?
True
Is 152 a factor of 157103?
False
Does 495 divide 627660?
True
Does 78 divide 28548?
True
Is 29 a factor of 31117?
True
Is 26841 a multiple of 11?
False
Is 80 a factor of 258149?
False
Is 1355238 a multiple of 27?
True
Does 10 divide 275238?
False
Is 527022 a multiple of 57?
True
Does 13 divide 4658639?
False
Is 115 a factor of 2387055?
True
Is 129 a factor of 439270?
False
Does 117 divide 397502?
False
Is 130 a factor of 61033?
False
Does 144 divide 18492?
False
Does 62 divide 72788?
True
Does 64 divide 298880?
True
Is 40 a factor of 504209?
False
Is 746797 a multiple of 518?
False
Is 21 a factor of 141645?
True
Is 11359660 a multiple of 20?
True
Does 20 divide 134860?
True
Does 95 divide 8749628?
False
Is 371 a factor of 88070?
False
Does 5 divide 5882965?
True
Is 104 a factor of 4719448?
False
Is 654126 a multiple of 726?
True
Is 389160 a multiple of 470?
True
Is 61 a factor of 365406?
False
Is 1734267 a multiple of 14?
False
Is 94966 a multiple of 103?
True
Does 20 divide 537460?
True
Does 314 divide 144754?
True
Is 71 a factor of 19150?
False
Does 43 divide 1683063?
True
Is 806 a factor of 1008248?
False
Is 174619 a multiple of 11?
False
Does 2 divide 15203?
False
Is 120 a factor of 907440?
True
Is 1220986 a multiple of 936?
False
Does 5 divide 43875?
True
Is 32301 a multiple of 291?
True
Is 120780 a multiple of 59?
False
Is 13 a factor of 101281?
False
Is 349840 a multiple of 80?
True
Is 15760 a multiple of 12?
False
Does 629 divide 38393?
False
Is 52 a factor of 139672?
True
Does 1561 divide 392664?
False
Does 40 divide 1776600?
True
Is 7 a factor of 61078?
False
Does 36 divide 91368?
True
Is 78 a factor of 264421?
False
Does 54 divide 296359?
False
Is 2560164 a multiple of 382?
True
Does 376 divide 821432?
False
Is 3 a factor of 15901?
False
Does 13 divide 6166758?
True
Is 271763 a multiple of 78?
False
Does 87 divide 129465?
False
Is 109 a factor of 442387?
False
Is 174599 a multiple of 112?
False
Is 11500901 a multiple of 19?
False
Is 404 a factor of 16961641?
False
Is 145 a factor of 2178480?
True
Is 89 a factor of 1336513?
True
Does 108 divide 82620?
True
Is 187620 a multiple of 95?
False
Is 17 a factor of 24525305?
True
Does 329 divide 262532?
False
Is 3401411 a multiple of 17?
True
Is 41 a factor of 1043338?
False
Is 28 a factor of 5609436?
True
Is 360592 a multiple of 6?
False
Is 31 a factor of 111696?
False
Is 87552 a multiple of 9?
True
Is 127032 a multiple of 8?
True
Does 399 divide 559620?
False
Does 18 divide 81324?
True
Is 18 a factor of 3487096?
False
Does 40 divide 2336720?
True
Is 1427380 a multiple of 535?
True
Does 323 divide 227069?
True
Does 488 divide 1863672?
True
Is 12705540 a multiple of 734?
True
Is 335582 a multiple of 13?
True
Is 18 a factor of 96534?
True
Does 9 divide 361174?
False
Does 384 divide 673195?
False
Is 71331 a multiple of 85?
False
Is 11 a factor of 2692109?
False
Does 14 divide 501713?
False
Is 408 a factor of 759935?
False
Is 1126548 a multiple of 76?
True
Is 1347690 a multiple of 30?
True
Is 64078 a multiple of 89?
False
Is 465 a factor of 30595627?
False
Is 81 a factor of 764892?
False
Is 272 a factor of 289053?
False
Does 316 divide 173465?
False
Is 1945594 a multiple of 7?
True
Does 9 divide 138058?
False
Does 9 divide 47952?
True
Is 49 a factor of 355640?
False
Is 1068478 a multiple of 243?
False
Is 160616 a multiple of 68?
True
Is 89936 a multiple of 77?
True
Is 3641741 a multiple of 236?
False
Is 17 a factor of 10260623?
False
Does 20 divide 4087160?
True
Is 66 a factor of 228203?
False
Is 376 a factor of 1052048?
True
Does 13 divide 493204?
False
Is 1530426 a multiple of 9?
False
Is 115 a factor of 4909612?
False
Is 62 a factor of 17201426?
False
Is 30486 a multiple of 32?
False
Does 57 divide 3529326?
True
Is 11 a factor of 43396?
False
Is 24141 a multiple of 4?
False
Is 9 a factor of 50886?
True
Is 117030 a multiple of 7?
False
Does 31 divide 6805461?
True
Is 300804 a multiple of 146?
False
Is 71 a factor of 87414?
False
Does 25 divide 1334109?
False
Does 231 divide 72534?
True
Is 358970 a multiple of 6?
False
Is 4 a factor of 84603?
False
Is 1096898 a multiple of 103?
False
Is 134083 a multiple of 2?
False
Is 18 a factor of 6440076?
True
Is 10 a factor of 118610?
True
Is 18 a factor of 455454?
True
Does 98 divide 410130?
True
Is 105 a factor of 7325325?
True
Does 207 divide 5355352?
False
Is 384 a factor of 1099392?
True
Is 63580 a multiple of 22?
True
Is 11 a factor of 643879?
False
Is 2312134 a multiple of 473?
False
Does 2 divide 172540?
True
Does 220 divide 262460?
True
Is 24 a factor of 7007854?
False
Is 504257 a multiple of 3?
False
Does 156 divide 1348158?
False
Is 12130530 a multiple of 16?
False
Does 346 divide 669541?
False
Is 40 a factor of 498320?
True
Does 336 divide 273504?
True
Does 61 divide 13335